se 2) to base 16
-563f
What is -47d71 (base 14) in base 4?
-222312133
13a878a (base 11) to base 12
9842b9
Convert 1001110110001111010 (base 2) to base 5.
40311212
Convert 158858 (base 9) to base 5.
11122022
-1120221102120 (base 3) to base 7
-10120131
Convert 2333144101 (base 5) to base 9.
11077105
2527e3 (base 15) to base 12
71a3b9
35111520 (base 6) to base 10
1082568
What is -770847 (base 11) in base 8?
-4544017
What is -110101001110011110 (base 2) in base 13?
-78304
-1036 (base 9) to base 16
-2fa
Convert 22410252 (base 6) to base 3.
1021211120212
108a43 (base 14) to base 15
b16d0
What is -11429a (base 13) in base 5?
-101042412
What is -141858 (base 10) in base 11?
-97642
Convert 1251143 (base 6) to base 2.
10000110101100111
-179810 (base 11) to base 4
-1003200100
Convert -14323243 (base 5) to base 16.
-25092
1084942 (base 10) to base 11
681151
What is -720725 (base 9) in base 2?
-1101000010000101111
What is 1454456 (base 7) in base 4?
300131123
What is a886 (base 15) in base 13?
13314
3321320331 (base 4) to base 9
1830036
What is -1001000111100100111 (base 2) in base 10?
-298791
Convert 14615161 (base 8) to base 16.
331a71
Convert -10ba26 (base 13) to base 8.
-1407576
Convert 103100 (base 8) to base 5.
2044433
3432620 (base 7) to base 16
68954
What is 4434882 (base 11) in base 14?
10677a1
What is 1244100310 (base 6) in base 14?
1d5db22
Convert 3216046 (base 7) to base 13.
108cc1
-44522 (base 7) to base 11
-8496
Convert -5320724 (base 9) to base 10.
-2848063
-15f10 (base 16) to base 14
-24a76
Convert -6049412 (base 11) to base 3.
-202010122012100
What is 324340 (base 9) in base 10?
193464
5672048 (base 12) to base 15
16c516b
797526 (base 12) to base 5
444110134
6a8350 (base 14) to base 15
4bb9c9
What is 220010020101 (base 3) in base 12?
1aa8a7
What is -10112121030 (base 4) in base 12?
-46ba90
-1301003122 (base 4) to base 16
-710da
Convert 1011011011110111 (base 2) to base 6.
1000503
204332311 (base 5) to base 2
11010000110100100011
What is 1b1b97 (base 15) in base 7?
14144635
-2467452 (base 8) to base 6
-22353454
Convert -169533 (base 10) to base 16.
-2963d
Convert 324654 (base 10) to base 3.
121111100020
2132423132 (base 5) to base 14
871c4b
381324 (base 13) to base 16
14864d
Convert -1322301222 (base 4) to base 3.
-221112211120
What is 5263130 (base 7) in base 2?
10011011100110110100
What is 3102322 (base 5) in base 14?
144b7
62819 (base 12) to base 3
20120000110
What is 1257175 (base 9) in base 8?
2476754
Convert 6d6e04 (base 15) to base 5.
2320102104
-8371826 (base 9) to base 14
-8472a7
Convert a66b53 (base 12) to base 7.
31211223
What is -319a7 (base 11) in base 8?
-132574
What is -118b62 (base 14) in base 9?
-1114568
Convert 11045231 (base 7) to base 5.
220441011
-40aa2 (base 11) to base 6
-1141130
Convert 1110101101111101000 (base 2) to base 5.
110413110
Convert -12112000210011 (base 3) to base 14.
-565002
What is 2452232 (base 9) in base 16?
14591c
-232d (base 16) to base 9
-13315
What is -a7037a (base 12) in base 16?
-28310e
-223113302 (base 5) to base 12
-3b8115
13120506 (base 8) to base 16
2ca146
Convert -11343231 (base 6) to base 2.
-1010110111000000011
-ba108 (base 14) to base 3
-211212120211
-110110101010010 (base 2) to base 14
-a2b0
Convert -170171 (base 10) to base 3.
-22122102122
What is -221001111222200 (base 3) in base 7?
-221116611
What is 29db3 (base 15) in base 9?
224716
-1011011101000101 (base 2) to base 13
-18480
-53207 (base 11) to base 8
-227207
-22222331032 (base 4) to base 7
-32530441
Convert -25441023 (base 7) to base 11.
-133a484
What is 14bca (base 14) in base 10?
51726
What is 2220323301 (base 4) in base 6?
22455253
What is 124552514 (base 6) in base 9?
4577061
What is -30e82 (base 15) in base 13?
-55805
3422013440 (base 5) to base 8
35020177
Convert 10202213302 (base 4) to base 14.
22db58
Convert -40aa9 (base 12) to base 8.
-245041
Convert -3102140400 (base 5) to base 2.
-10111111110111001111111
Convert -139804 (base 10) to base 15.
-2b654
What is -16d5981 (base 14) in base 10?
-11271485
What is a2ad0 (base 15) in base 16?
7dd75
-23512 (base 11) to base 12
-17745
What is -56a06 (base 15) in base 3?
-112000002120
What is 103265 (base 10) in base 13?
38006
What is -c7cc34 (base 13) in base 11?
-270a081
Convert 11101001100110011 (base 2) to base 5.
12311403
Convert 100110101100001010 (base 2) to base 13.
57194
6a3b66 (base 16) to base 5
3240241042
Convert 295 (base 10) to base 5.
2140
-6500533 (base 7) to base 9
-1433847
-100021334 (base 5) to base 10
-392094
What is 4863a (base 12) in base 6?
2032114
What is 887a6 (base 12) in base 2?
101100001001101110
What is -635114 (base 8) in base 2?
-110011101001001100
Convert -18577 (base 13) to base 16.
-b7e8
Convert -11000100100101110001 (base 2) to base 11.
-4aaa90
What is 40515c (base 15) in base 8?
13516137
What is 203120032 (base 4) in base 3?
21100210001
-769833 (base 15) to base 8
-25436216
Convert 41133120 (base 5) to base 9.
557464
Convert 13cbd6 (base 15) to base 11.
5a2090
What is -4233130340 (base 5) in base 3?
-121201011012102
What is -62262 (base 10) in base 15?
-136ac
What is -101758 (base 10) in base 6?
-2103034
What is -1032304 (base 6) in base 2?
-1100011110010000
Convert -10653440 (base 7) to base 15.
-137c48
Convert -a1806f (base 16) to base 14.
-15972c7
What is 25653 (base 13) in base 16?
10e45
What is -16daa (base 15) in base 12?
-36974
20220220211 (base 3) to base 16
21448
-101000001101110001 (base 2) to base 10
-164721
Convert 116450c (base 13) to base 9.
11107672
-10233 (base 7) to base 12
-1563
What is -61051136 (base 8) in base 13?
-2886303
What is 315672 (base 8) in base 7?
616203
Convert -479440 (base 16) to base 8.
-21712100
Convert a74ee (base 15) to base 11.
332a47
-113243 (base 12) to base 2
-1000011001010010011
What is 6747616 (base 10) in base 8?
31572740
15ac77 (base 13) to base 3
1000100021010
100100212021 (base 3) to base 7
1365265
Convert a2aa6a (base 11) to base 13.
45c038
Convert -1001110011110011001110 (base 2) to base 10.
-2571470
134a4 (base 16) to base 8
232244
-160838 (base 9) to base 10
-99098
Convert -ea4579 (base 15) to base 16.
-aa2b6f
What is 2251502 (base 6) in base 10?
115742
801175 (base 9) to base 16
738b6
What is -15006325 (base 7) in base 11?
-886406
What is 10c9f9 (base 16) in base 2?
100001100100111111001
What is 140787 (base 14) in base 13?
1b3561
Convert -14ac9 (base 13) to base 5.
-2223304
-110110111111011001 (base 2) to base 6
-4454441
Convert -659a82 (base 12) to base 15.
-21d242
Convert -224454134 (base 6) to base 14.
-79c40a
What is -89259 (base 15) in base 3?
-211010221210
What is 45466104 (base 7) in base 2?
1111001000010011010010
What is -21020101112102 (base 3) in base 10?
-3845864
Convert -582444 (base 9) to base 16.
-55573
Convert -20b081 (base 13) to base 4.
-2323032022
-2763515 (base 8) to base 11
-493120
4777031 (base 8) to base 12
5322a1
-2299c (base 16) to base 4
-202212130
Convert -34222311 (base 6) to base 10.
-1045123
14020314 (base 5) to base 10
141959
What is 312236 (base 12) in base 4?
2330033022
5443126 (base 10) to base 7
64160113
What is 232433 (base 9) in base 6?
2554133
13343d (base 14) to base 10
662143
What is -125df (base 16) in base 14?
-1d5b9
What is 4fc871 (base 16) in base 12?
1901a15
What is 190467 (base 10) in base 12?
92283
What is -112132202 (base 4) in base 5?
-10421231
12543654 (base 10) to base 15
117b989
Convert 311230113031 (base 4) to base 11.
7a44015
-b251d9 (base 14) to base 7
-102026062
Convert 1350414 (base 8) to base 9.
640811
-1441043 (base 5) to base 13
-11012
-14355251 (base 6) to base 5
-111410201
What is 221004123 (base 5) in base 7?
11051234
What is -128558 (base 9) in base 2?
-10011001001111101
What is -103113012 (base 4) in base 3?
-11000210010
20bbb4 (base 15) to base 16
17c7f7
Convert -a18488 (base 13) to base 5.
-1430303410
What is 95ec9c (base 15) in base 14?
d3b245
-110492 (base 10) to base 13
-3b3a5
Convert 21233313221 (base 4) to base 2.
1001101111110111101001
What is -931368 (base 10) in base 9?
-1668533
What is 516a8 (base 12) in base 13?
39578
Convert -10210112020100 (base 3) to base 16.
-1ecafb
-1050246 (base 9) to base 15
-b23a0
-524861 (base 9) to base 14
-819aa
Convert -92cc9 (base 15) to base 5.
-104342024
What is -9465b (base 16) in b